{"id":188,"date":"2026-04-13T11:01:37","date_gmt":"2026-04-13T11:01:37","guid":{"rendered":"https:\/\/www.terorsuzturkiyeplatformu.org\/?page_id=188"},"modified":"2026-04-13T12:55:20","modified_gmt":"2026-04-13T12:55:20","slug":"il-ve-ilce-baskanliklari","status":"publish","type":"page","link":"https:\/\/www.terorsuzturkiyeplatformu.org\/index.php\/il-ve-ilce-baskanliklari\/","title":{"rendered":"\u0130l ve \u0130l\u00e7e Ba\u015fkanl\u0131klar\u0131"},"content":{"rendered":"\t\t<div data-elementor-type=\"wp-page\" data-elementor-id=\"188\" class=\"elementor elementor-188\">\n\t\t\t\t<div class=\"elementor-element elementor-element-4642dc0a e-flex e-con-boxed e-con e-parent\" data-id=\"4642dc0a\" data-element_type=\"container\" data-e-type=\"container\" id=\"xs_accor_gradient_color\" data-settings=\"{&quot;background_background&quot;:&quot;classic&quot;}\">\n\t\t\t\t\t<div class=\"e-con-inner\">\n\t\t\t\t<div class=\"elementor-element elementor-element-7c8b6344 elementor-widget__width-initial elementor-widget elementor-widget-elementskit-accordion\" data-id=\"7c8b6344\" data-element_type=\"widget\" data-e-type=\"widget\" data-widget_type=\"elementskit-accordion.default\">\n\t\t\t\t\t<div class=\"ekit-wid-con\" >\n        <div class=\"elementskit-accordion accoedion-primary\" id=\"accordion-69e4b11037c2b\">\n\n            \n                <div class=\"elementskit-card active\">\n                    <div class=\"elementskit-card-header\" id=\"primaryHeading-0-7c8b6344\">\n                        <a href=\"#collapse-bc2283069e4b11037c2b\" class=\"ekit-accordion--toggler elementskit-btn-link collapsed\" data-ekit-toggle=\"collapse\" data-target=\"#Collapse-bc2283069e4b11037c2b\" aria-expanded=\"true\" aria-controls=\"Collapse-bc2283069e4b11037c2b\">\n                            \n                            <span class=\"ekit-accordion-title\">Ad\u0131yaman<\/span>\n\n                            \n                                <div class=\"ekit_accordion_icon_group\">\n                                    <div class=\"ekit_accordion_normal_icon\">\n                                        <!-- Normal Icon -->\n\t\t\t\t\t\t\t\t\t\t<i class=\"icon icon-down-arrow1\"><\/i>                                    <\/div>\n\n                                    <div class=\"ekit_accordion_active_icon\">\n                                        <!-- Active Icon -->\n\t\t\t\t\t\t\t\t\t\t<i class=\"icon icon-up-arrow\"><\/i>                                    <\/div>\n                                <\/div>\n\n                            \n                                                    <\/a>\n                    <\/div>\n\n                    <div id=\"Collapse-bc2283069e4b11037c2b\" class=\" show collapse\" aria-labelledby=\"primaryHeading-0-7c8b6344\" data-parent=\"#accordion-69e4b11037c2b\">\n\n                        <div class=\"elementskit-card-body ekit-accordion--content\">\n                            <p>\u00a0<\/p><table><tbody><tr><td style=\"width: 33%;padding: 15px;vertical-align: middle;font-size: 18px;line-height: 1.6;border: 1px solid #ccc\">ADIYAMAN \u0130L BA\u015eKANI<br \/>ABDULLAH YAL\u00c7IN<\/td><td style=\"width: 33%;padding: 15px;vertical-align: middle;text-align: center;border: 1px solid #ccc\"><img decoding=\"async\" class=\"alignnone wp-image-196 size-full\" src=\"https:\/\/www.terorsuzturkiyeplatformu.org\/wp-content\/uploads\/2026\/04\/ABDULLAH-YALCIN-ADIYAMAN-1.jpg\" alt=\"\" width=\"150\" height=\"150\" \/><\/td><td style=\"width: 34%;padding: 15px;vertical-align: middle;text-align: center;border: 1px solid #ccc\"><a href=\"https:\/\/www.terorsuzturkiyeplatformu.org\/wp-content\/uploads\/2026\/04\/ABDULLAH-YALCIN-ADIYAMAN.jpg\"><img fetchpriority=\"high\" decoding=\"async\" class=\"alignnone wp-image-192 size-medium\" src=\"https:\/\/www.terorsuzturkiyeplatformu.org\/wp-content\/uploads\/2026\/04\/ABDULLAH-YALCIN-ADIYAMAN-300x264.jpg\" alt=\"\" width=\"300\" height=\"264\" srcset=\"https:\/\/www.terorsuzturkiyeplatformu.org\/wp-content\/uploads\/2026\/04\/ABDULLAH-YALCIN-ADIYAMAN-300x264.jpg 300w, https:\/\/www.terorsuzturkiyeplatformu.org\/wp-content\/uploads\/2026\/04\/ABDULLAH-YALCIN-ADIYAMAN-768x677.jpg 768w, https:\/\/www.terorsuzturkiyeplatformu.org\/wp-content\/uploads\/2026\/04\/ABDULLAH-YALCIN-ADIYAMAN.jpg 1024w\" sizes=\"(max-width: 300px) 100vw, 300px\" \/><\/a><\/td><\/tr><\/tbody><\/table>                        <\/div>\n\n                    <\/div>\n\n                <\/div><!-- .elementskit-card END -->\n\n                \n                <div class=\"elementskit-card \">\n                    <div class=\"elementskit-card-header\" id=\"primaryHeading-1-7c8b6344\">\n                        <a href=\"#collapse-18c0a3569e4b11037c2b\" class=\"ekit-accordion--toggler elementskit-btn-link collapsed\" data-ekit-toggle=\"collapse\" data-target=\"#Collapse-18c0a3569e4b11037c2b\" aria-expanded=\"false\" aria-controls=\"Collapse-18c0a3569e4b11037c2b\">\n                            \n                            <span class=\"ekit-accordion-title\">Batman<\/span>\n\n                            \n                                <div class=\"ekit_accordion_icon_group\">\n                                    <div class=\"ekit_accordion_normal_icon\">\n                                        <!-- Normal Icon -->\n\t\t\t\t\t\t\t\t\t\t<i class=\"icon icon-down-arrow1\"><\/i>                                    <\/div>\n\n                                    <div class=\"ekit_accordion_active_icon\">\n                                        <!-- Active Icon -->\n\t\t\t\t\t\t\t\t\t\t<i class=\"icon icon-up-arrow\"><\/i>                                    <\/div>\n                                <\/div>\n\n                            \n                                                    <\/a>\n                    <\/div>\n\n                    <div id=\"Collapse-18c0a3569e4b11037c2b\" class=\" collapse\" aria-labelledby=\"primaryHeading-1-7c8b6344\" data-parent=\"#accordion-69e4b11037c2b\">\n\n                        <div class=\"elementskit-card-body ekit-accordion--content\">\n                            <p>\u00a0<\/p><table><tbody><tr><td style=\"width: 33%;padding: 15px;vertical-align: middle;font-size: 18px;line-height: 1.6;border: 1px solid #ccc\">BATMAN \u0130L BA\u015eKANI<br \/>MEHMET SAH\u0130H \u00d6ZT\u00dcRK<\/td><td style=\"width: 33%;padding: 15px;vertical-align: middle;text-align: center;border: 1px solid #ccc\"><img decoding=\"async\" class=\"alignnone wp-image-212 size-full\" src=\"https:\/\/www.terorsuzturkiyeplatformu.org\/wp-content\/uploads\/2026\/04\/MEHMET-SALIH-OZTURK.jpg\" alt=\"\" width=\"150\" height=\"150\" \/><\/td><td style=\"width: 34%;padding: 15px;vertical-align: middle;text-align: center;border: 1px solid #ccc\"><a href=\"https:\/\/www.terorsuzturkiyeplatformu.org\/wp-content\/uploads\/2026\/04\/MEHMET-SALIH-OZTURK-BATMAN.jpg\"><img loading=\"lazy\" decoding=\"async\" class=\"alignnone wp-image-213 size-medium\" src=\"https:\/\/www.terorsuzturkiyeplatformu.org\/wp-content\/uploads\/2026\/04\/MEHMET-SALIH-OZTURK-BATMAN-300x264.jpg\" alt=\"\" width=\"300\" height=\"264\" srcset=\"https:\/\/www.terorsuzturkiyeplatformu.org\/wp-content\/uploads\/2026\/04\/MEHMET-SALIH-OZTURK-BATMAN-300x264.jpg 300w, https:\/\/www.terorsuzturkiyeplatformu.org\/wp-content\/uploads\/2026\/04\/MEHMET-SALIH-OZTURK-BATMAN-768x677.jpg 768w, https:\/\/www.terorsuzturkiyeplatformu.org\/wp-content\/uploads\/2026\/04\/MEHMET-SALIH-OZTURK-BATMAN.jpg 1024w\" sizes=\"(max-width: 300px) 100vw, 300px\" \/><\/a><\/td><\/tr><\/tbody><\/table>                        <\/div>\n\n                    <\/div>\n\n                <\/div><!-- .elementskit-card END -->\n\n                \n                <div class=\"elementskit-card \">\n                    <div class=\"elementskit-card-header\" id=\"primaryHeading-2-7c8b6344\">\n                        <a href=\"#collapse-2e3032a69e4b11037c2b\" class=\"ekit-accordion--toggler elementskit-btn-link collapsed\" data-ekit-toggle=\"collapse\" data-target=\"#Collapse-2e3032a69e4b11037c2b\" aria-expanded=\"false\" aria-controls=\"Collapse-2e3032a69e4b11037c2b\">\n                            \n                            <span class=\"ekit-accordion-title\">Bitlis<\/span>\n\n                            \n                                <div class=\"ekit_accordion_icon_group\">\n                                    <div class=\"ekit_accordion_normal_icon\">\n                                        <!-- Normal Icon -->\n\t\t\t\t\t\t\t\t\t\t<i class=\"icon icon-down-arrow1\"><\/i>                                    <\/div>\n\n                                    <div class=\"ekit_accordion_active_icon\">\n                                        <!-- Active Icon -->\n\t\t\t\t\t\t\t\t\t\t<i class=\"icon icon-up-arrow\"><\/i>                                    <\/div>\n                                <\/div>\n\n                            \n                                                    <\/a>\n                    <\/div>\n\n                    <div id=\"Collapse-2e3032a69e4b11037c2b\" class=\" collapse\" aria-labelledby=\"primaryHeading-2-7c8b6344\" data-parent=\"#accordion-69e4b11037c2b\">\n\n                        <div class=\"elementskit-card-body ekit-accordion--content\">\n                            <p>\u00a0<\/p><table><tbody><tr><td style=\"width: 33%;padding: 15px;vertical-align: middle;font-size: 18px;line-height: 1.6;border: 1px solid #ccc\">B\u0130TL\u0130S \u0130L BA\u015eKANI <br \/>CENG\u0130Z \u015eAH\u0130N<\/td><td style=\"width: 33%;padding: 15px;vertical-align: middle;text-align: center;border: 1px solid #ccc\">\u00a0<\/td><td style=\"width: 34%;padding: 15px;vertical-align: middle;text-align: center;border: 1px solid #ccc\"><a href=\"https:\/\/www.terorsuzturkiyeplatformu.org\/wp-content\/uploads\/2026\/04\/CENGIZ-SAHIN-BITLIS.jpg\"><img loading=\"lazy\" decoding=\"async\" class=\"alignnone wp-image-198 size-medium\" src=\"https:\/\/www.terorsuzturkiyeplatformu.org\/wp-content\/uploads\/2026\/04\/CENGIZ-SAHIN-BITLIS-300x264.jpg\" alt=\"\" width=\"300\" height=\"264\" srcset=\"https:\/\/www.terorsuzturkiyeplatformu.org\/wp-content\/uploads\/2026\/04\/CENGIZ-SAHIN-BITLIS-300x264.jpg 300w, https:\/\/www.terorsuzturkiyeplatformu.org\/wp-content\/uploads\/2026\/04\/CENGIZ-SAHIN-BITLIS-768x677.jpg 768w, https:\/\/www.terorsuzturkiyeplatformu.org\/wp-content\/uploads\/2026\/04\/CENGIZ-SAHIN-BITLIS.jpg 1024w\" sizes=\"(max-width: 300px) 100vw, 300px\" \/><\/a><\/td><\/tr><\/tbody><\/table>                        <\/div>\n\n                    <\/div>\n\n                <\/div><!-- .elementskit-card END -->\n\n                \n                <div class=\"elementskit-card \">\n                    <div class=\"elementskit-card-header\" id=\"primaryHeading-3-7c8b6344\">\n                        <a href=\"#collapse-bc50b7969e4b11037c2b\" class=\"ekit-accordion--toggler elementskit-btn-link collapsed\" data-ekit-toggle=\"collapse\" data-target=\"#Collapse-bc50b7969e4b11037c2b\" aria-expanded=\"false\" aria-controls=\"Collapse-bc50b7969e4b11037c2b\">\n                            \n                            <span class=\"ekit-accordion-title\">Siirt<\/span>\n\n                            \n                                <div class=\"ekit_accordion_icon_group\">\n                                    <div class=\"ekit_accordion_normal_icon\">\n                                        <!-- Normal Icon -->\n\t\t\t\t\t\t\t\t\t\t<i class=\"icon icon-down-arrow1\"><\/i>                                    <\/div>\n\n                                    <div class=\"ekit_accordion_active_icon\">\n                                        <!-- Active Icon -->\n\t\t\t\t\t\t\t\t\t\t<i class=\"icon icon-up-arrow\"><\/i>                                    <\/div>\n                                <\/div>\n\n                            \n                                                    <\/a>\n                    <\/div>\n\n                    <div id=\"Collapse-bc50b7969e4b11037c2b\" class=\" collapse\" aria-labelledby=\"primaryHeading-3-7c8b6344\" data-parent=\"#accordion-69e4b11037c2b\">\n\n                        <div class=\"elementskit-card-body ekit-accordion--content\">\n                            <p>\u00a0<\/p><table><tbody><tr><td style=\"width: 33%;padding: 15px;vertical-align: middle;font-size: 18px;line-height: 1.6;border: 1px solid #ccc\">S\u0130\u0130RT \u0130L BA\u015eKANI<br \/>MESUT E\u015e\u0130N<\/td><td style=\"width: 33%;padding: 15px;vertical-align: middle;text-align: center;border: 1px solid #ccc\">\u00a0<\/td><td style=\"width: 34%;padding: 15px;vertical-align: middle;text-align: center;border: 1px solid #ccc\"><img loading=\"lazy\" decoding=\"async\" class=\"alignnone wp-image-221 size-medium\" src=\"https:\/\/www.terorsuzturkiyeplatformu.org\/wp-content\/uploads\/2026\/04\/MESUT-ESIN-SIIRT-300x264.jpg\" alt=\"\" width=\"300\" height=\"264\" srcset=\"https:\/\/www.terorsuzturkiyeplatformu.org\/wp-content\/uploads\/2026\/04\/MESUT-ESIN-SIIRT-300x264.jpg 300w, https:\/\/www.terorsuzturkiyeplatformu.org\/wp-content\/uploads\/2026\/04\/MESUT-ESIN-SIIRT-768x677.jpg 768w, https:\/\/www.terorsuzturkiyeplatformu.org\/wp-content\/uploads\/2026\/04\/MESUT-ESIN-SIIRT.jpg 1024w\" sizes=\"(max-width: 300px) 100vw, 300px\" \/><\/td><\/tr><\/tbody><\/table>                        <\/div>\n\n                    <\/div>\n\n                <\/div><!-- .elementskit-card END -->\n\n                \n                <div class=\"elementskit-card \">\n                    <div class=\"elementskit-card-header\" id=\"primaryHeading-4-7c8b6344\">\n                        <a href=\"#collapse-631083f69e4b11037c2b\" class=\"ekit-accordion--toggler elementskit-btn-link collapsed\" data-ekit-toggle=\"collapse\" data-target=\"#Collapse-631083f69e4b11037c2b\" aria-expanded=\"false\" aria-controls=\"Collapse-631083f69e4b11037c2b\">\n                            \n                            <span class=\"ekit-accordion-title\">\u015e\u0131rnak<\/span>\n\n                            \n                                <div class=\"ekit_accordion_icon_group\">\n                                    <div class=\"ekit_accordion_normal_icon\">\n                                        <!-- Normal Icon -->\n\t\t\t\t\t\t\t\t\t\t<i class=\"icon icon-down-arrow1\"><\/i>                                    <\/div>\n\n                                    <div class=\"ekit_accordion_active_icon\">\n                                        <!-- Active Icon -->\n\t\t\t\t\t\t\t\t\t\t<i class=\"icon icon-up-arrow\"><\/i>                                    <\/div>\n                                <\/div>\n\n                            \n                                                    <\/a>\n                    <\/div>\n\n                    <div id=\"Collapse-631083f69e4b11037c2b\" class=\" collapse\" aria-labelledby=\"primaryHeading-4-7c8b6344\" data-parent=\"#accordion-69e4b11037c2b\">\n\n                        <div class=\"elementskit-card-body ekit-accordion--content\">\n                            <p>\u00a0<\/p><table><tbody><tr><td style=\"width: 33%;padding: 15px;vertical-align: middle;font-size: 18px;line-height: 1.6;border: 1px solid #ccc\">\u015eIRNAK \u0130L BA\u015eKANI<br \/>FEVZ\u0130 \u00d6TER<\/td><td style=\"width: 33%;padding: 15px;vertical-align: middle;text-align: center;border: 1px solid #ccc\"><img loading=\"lazy\" decoding=\"async\" class=\"alignnone size-full wp-image-200\" src=\"https:\/\/www.terorsuzturkiyeplatformu.org\/wp-content\/uploads\/2026\/04\/FEVZI-OTER.jpg\" alt=\"\" width=\"150\" height=\"150\" \/><\/td><td style=\"width: 34%;padding: 15px;vertical-align: middle;text-align: center;border: 1px solid #ccc\"><a href=\"https:\/\/www.terorsuzturkiyeplatformu.org\/wp-content\/uploads\/2026\/04\/FEVZI-OTER-SIRNAK.jpg\"><img loading=\"lazy\" decoding=\"async\" class=\"alignnone wp-image-199 size-medium\" src=\"https:\/\/www.terorsuzturkiyeplatformu.org\/wp-content\/uploads\/2026\/04\/FEVZI-OTER-SIRNAK-300x264.jpg\" alt=\"\" width=\"300\" height=\"264\" srcset=\"https:\/\/www.terorsuzturkiyeplatformu.org\/wp-content\/uploads\/2026\/04\/FEVZI-OTER-SIRNAK-300x264.jpg 300w, https:\/\/www.terorsuzturkiyeplatformu.org\/wp-content\/uploads\/2026\/04\/FEVZI-OTER-SIRNAK-768x677.jpg 768w, https:\/\/www.terorsuzturkiyeplatformu.org\/wp-content\/uploads\/2026\/04\/FEVZI-OTER-SIRNAK.jpg 1024w\" sizes=\"(max-width: 300px) 100vw, 300px\" \/><\/a><\/td><\/tr><\/tbody><\/table>                        <\/div>\n\n                    <\/div>\n\n                <\/div><!-- .elementskit-card END -->\n\n                \n                <div class=\"elementskit-card \">\n                    <div class=\"elementskit-card-header\" id=\"primaryHeading-5-7c8b6344\">\n                        <a href=\"#collapse-2a8585269e4b11037c2b\" class=\"ekit-accordion--toggler elementskit-btn-link collapsed\" data-ekit-toggle=\"collapse\" data-target=\"#Collapse-2a8585269e4b11037c2b\" aria-expanded=\"false\" aria-controls=\"Collapse-2a8585269e4b11037c2b\">\n                            \n                            <span class=\"ekit-accordion-title\">Urfa<\/span>\n\n                            \n                                <div class=\"ekit_accordion_icon_group\">\n                                    <div class=\"ekit_accordion_normal_icon\">\n                                        <!-- Normal Icon -->\n\t\t\t\t\t\t\t\t\t\t<i class=\"icon icon-down-arrow1\"><\/i>                                    <\/div>\n\n                                    <div class=\"ekit_accordion_active_icon\">\n                                        <!-- Active Icon -->\n\t\t\t\t\t\t\t\t\t\t<i class=\"icon icon-up-arrow\"><\/i>                                    <\/div>\n                                <\/div>\n\n                            \n                                                    <\/a>\n                    <\/div>\n\n                    <div id=\"Collapse-2a8585269e4b11037c2b\" class=\" collapse\" aria-labelledby=\"primaryHeading-5-7c8b6344\" data-parent=\"#accordion-69e4b11037c2b\">\n\n                        <div class=\"elementskit-card-body ekit-accordion--content\">\n                            <p>\u00a0<\/p><table><tbody><tr><td style=\"width: 33%;padding: 15px;vertical-align: middle;font-size: 18px;line-height: 1.6;border: 1px solid #ccc\">URFA \u0130L BA\u015eKANI<br \/>MEHMET \u00d6ZKAN<\/td><td style=\"width: 33%;padding: 15px;vertical-align: middle;text-align: center;border: 1px solid #ccc\">\u00a0<\/td><td style=\"width: 34%;padding: 15px;vertical-align: middle;text-align: center;border: 1px solid #ccc\"><a href=\"https:\/\/www.terorsuzturkiyeplatformu.org\/wp-content\/uploads\/2026\/04\/CENGIZ-SAHIN-BITLIS.jpg\"><img loading=\"lazy\" decoding=\"async\" class=\"alignnone wp-image-198 size-medium\" src=\"https:\/\/www.terorsuzturkiyeplatformu.org\/wp-content\/uploads\/2026\/04\/CENGIZ-SAHIN-BITLIS-300x264.jpg\" alt=\"\" width=\"300\" height=\"264\" srcset=\"https:\/\/www.terorsuzturkiyeplatformu.org\/wp-content\/uploads\/2026\/04\/CENGIZ-SAHIN-BITLIS-300x264.jpg 300w, https:\/\/www.terorsuzturkiyeplatformu.org\/wp-content\/uploads\/2026\/04\/CENGIZ-SAHIN-BITLIS-768x677.jpg 768w, https:\/\/www.terorsuzturkiyeplatformu.org\/wp-content\/uploads\/2026\/04\/CENGIZ-SAHIN-BITLIS.jpg 1024w\" sizes=\"(max-width: 300px) 100vw, 300px\" \/><\/a><\/td><\/tr><\/tbody><\/table>                        <\/div>\n\n                    <\/div>\n\n                <\/div><!-- .elementskit-card END -->\n\n                \n                <div class=\"elementskit-card \">\n                    <div class=\"elementskit-card-header\" id=\"primaryHeading-6-7c8b6344\">\n                        <a href=\"#collapse-da6447469e4b11037c2b\" class=\"ekit-accordion--toggler elementskit-btn-link collapsed\" data-ekit-toggle=\"collapse\" data-target=\"#Collapse-da6447469e4b11037c2b\" aria-expanded=\"false\" aria-controls=\"Collapse-da6447469e4b11037c2b\">\n                            \n                            <span class=\"ekit-accordion-title\">Van<\/span>\n\n                            \n                                <div class=\"ekit_accordion_icon_group\">\n                                    <div class=\"ekit_accordion_normal_icon\">\n                                        <!-- Normal Icon -->\n\t\t\t\t\t\t\t\t\t\t<i class=\"icon icon-down-arrow1\"><\/i>                                    <\/div>\n\n                                    <div class=\"ekit_accordion_active_icon\">\n                                        <!-- Active Icon -->\n\t\t\t\t\t\t\t\t\t\t<i class=\"icon icon-up-arrow\"><\/i>                                    <\/div>\n                                <\/div>\n\n                            \n                                                    <\/a>\n                    <\/div>\n\n                    <div id=\"Collapse-da6447469e4b11037c2b\" class=\" collapse\" aria-labelledby=\"primaryHeading-6-7c8b6344\" data-parent=\"#accordion-69e4b11037c2b\">\n\n                        <div class=\"elementskit-card-body ekit-accordion--content\">\n                            <p>\u00a0<\/p><table><tbody><tr><td style=\"width: 33%;padding: 15px;vertical-align: middle;font-size: 18px;line-height: 1.6;border: 1px solid #ccc\">VAN \u0130L BA\u015eKANI<br \/>H\u00dcSN\u00dc ART\u0130M<\/td><td style=\"width: 33%;padding: 15px;vertical-align: middle;text-align: center;border: 1px solid #ccc\"><img loading=\"lazy\" decoding=\"async\" class=\"alignnone wp-image-201 size-full\" src=\"https:\/\/www.terorsuzturkiyeplatformu.org\/wp-content\/uploads\/2026\/04\/HUSNU-ARTIM.jpg\" alt=\"\" width=\"150\" height=\"150\" \/><\/td><td style=\"width: 34%;padding: 15px;vertical-align: middle;text-align: center;border: 1px solid #ccc\"><a href=\"https:\/\/www.terorsuzturkiyeplatformu.org\/wp-content\/uploads\/2026\/04\/HUSNU-ARTIM-VAN.jpg\"><img loading=\"lazy\" decoding=\"async\" class=\"alignnone wp-image-202 size-medium\" src=\"https:\/\/www.terorsuzturkiyeplatformu.org\/wp-content\/uploads\/2026\/04\/HUSNU-ARTIM-VAN-300x264.jpg\" alt=\"\" width=\"300\" height=\"264\" srcset=\"https:\/\/www.terorsuzturkiyeplatformu.org\/wp-content\/uploads\/2026\/04\/HUSNU-ARTIM-VAN-300x264.jpg 300w, https:\/\/www.terorsuzturkiyeplatformu.org\/wp-content\/uploads\/2026\/04\/HUSNU-ARTIM-VAN-768x677.jpg 768w, https:\/\/www.terorsuzturkiyeplatformu.org\/wp-content\/uploads\/2026\/04\/HUSNU-ARTIM-VAN.jpg 1024w\" sizes=\"(max-width: 300px) 100vw, 300px\" \/><\/a><\/td><\/tr><\/tbody><\/table>                        <\/div>\n\n                    <\/div>\n\n                <\/div><!-- .elementskit-card END -->\n\n                                        <\/div>\n    <\/div>\t\t\t\t<\/div>\n\t\t\t\t\t<\/div>\n\t\t\t\t<\/div>\n\t\t\t\t<\/div>\n\t\t","protected":false},"excerpt":{"rendered":"<p>Ad\u0131yaman \u00a0 ADIYAMAN \u0130L BA\u015eKANIABDULLAH YAL\u00c7IN Batman \u00a0 BATMAN \u0130L BA\u015eKANIMEHMET SAH\u0130H \u00d6ZT\u00dcRK Bitlis \u00a0 B\u0130TL\u0130S \u0130L BA\u015eKANI CENG\u0130Z \u015eAH\u0130N \u00a0 Siirt \u00a0 S\u0130\u0130RT \u0130L BA\u015eKANIMESUT E\u015e\u0130N \u00a0 \u015e\u0131rnak \u00a0 \u015eIRNAK \u0130L BA\u015eKANIFEVZ\u0130 \u00d6TER Urfa \u00a0 URFA \u0130L BA\u015eKANIMEHMET \u00d6ZKAN \u00a0 Van \u00a0 VAN \u0130L BA\u015eKANIH\u00dcSN\u00dc ART\u0130M<\/p>\n","protected":false},"author":1,"featured_media":0,"parent":0,"menu_order":0,"comment_status":"closed","ping_status":"closed","template":"","meta":{"footnotes":""},"class_list":["post-188","page","type-page","status-publish","hentry"],"_links":{"self":[{"href":"https:\/\/www.terorsuzturkiyeplatformu.org\/index.php\/wp-json\/wp\/v2\/pages\/188","targetHints":{"allow":["GET"]}}],"collection":[{"href":"https:\/\/www.terorsuzturkiyeplatformu.org\/index.php\/wp-json\/wp\/v2\/pages"}],"about":[{"href":"https:\/\/www.terorsuzturkiyeplatformu.org\/index.php\/wp-json\/wp\/v2\/types\/page"}],"author":[{"embeddable":true,"href":"https:\/\/www.terorsuzturkiyeplatformu.org\/index.php\/wp-json\/wp\/v2\/users\/1"}],"replies":[{"embeddable":true,"href":"https:\/\/www.terorsuzturkiyeplatformu.org\/index.php\/wp-json\/wp\/v2\/comments?post=188"}],"version-history":[{"count":25,"href":"https:\/\/www.terorsuzturkiyeplatformu.org\/index.php\/wp-json\/wp\/v2\/pages\/188\/revisions"}],"predecessor-version":[{"id":227,"href":"https:\/\/www.terorsuzturkiyeplatformu.org\/index.php\/wp-json\/wp\/v2\/pages\/188\/revisions\/227"}],"wp:attachment":[{"href":"https:\/\/www.terorsuzturkiyeplatformu.org\/index.php\/wp-json\/wp\/v2\/media?parent=188"}],"curies":[{"name":"wp","href":"https:\/\/api.w.org\/{rel}","templated":true}]}}